{"id":36,"date":"2015-05-22T22:54:45","date_gmt":"2015-05-22T20:54:45","guid":{"rendered":"http:\/\/www.smidpetr.eu\/WPress\/?page_id=36"},"modified":"2019-12-07T22:37:12","modified_gmt":"2019-12-07T20:37:12","slug":"sportovni-aktivity","status":"publish","type":"page","link":"https:\/\/www.smidpetr.eu\/WPress\/sportovni-aktivity\/","title":{"rendered":"Sportovni aktivity"},"content":{"rendered":"<p style=\"text-align: justify;\">Abych se udr\u017eel v kondici, sna\u017e\u00edm se sportovat&#8230;:-) Mysl\u00edm, \u017ee mohu \u0159\u00edct, \u017ee jsem v\u0161estrann\u00fd sportovec a za sv\u016fj \u017eivot jsem se v\u011bnoval mnoha sport\u016fm. Zde je seznam t\u011bch hlavn\u00edch:<\/p>\n<p style=\"text-align: justify;\"><strong>Fotbal<\/strong><br \/>\nFotbalu se v\u011bnuji nejd\u00e9le, ji\u017e od sv\u00fdch 7 let. V \u017e\u00e1kovsk\u00e9 a dorostenck\u00e9 kategorii jsem hr\u00e1l za Zbraslav, pot\u00e9 za Radot\u00edn. Svou kari\u00e9ru za dosp\u011bl\u00e9 tr\u00e1v\u00edm na J\u00edlovi\u0161ti;-) V\u00edce o TJ J\u00edlovi\u0161t\u011b <a title=\"Jiloviste\" href=\"http:\/\/fotbal.jiloviste.cz\" target=\"_blank\" rel=\"noopener noreferrer\">zde<\/a>. Tak\u00e9 hraji &#8220;malou kopanou&#8221; za t\u00fdm XXX. V\u00edce o na\u0161em t\u00fdmu se m\u016f\u017eete do\u010d\u00edst <a title=\"XXX\" href=\"http:\/\/www.trikrizky.estranky.cz\/\" target=\"_blank\" rel=\"noopener noreferrer\">zde<\/a>.<\/p>\n<p style=\"text-align: justify;\"><a title=\"Cyklistika\" href=\"http:\/\/www.smidpetr.eu\/WPress\/sportovni-aktivity-2\/cyklistika\/\"><strong>Cyklistika<\/strong><\/a><br \/>\nV posledn\u00edch n\u011bkolika letech jsem se za\u010dal v\u011bnovat i cyklistice. Bav\u00ed m\u011b horsk\u00e1 kola a z\u00fa\u010dastnil jsem se n\u011bkolika z\u00e1vod\u016f v r\u00e1mci Kolo pro \u017eivot. Nejen j\u00e1 ale jezd\u00edm na kole, i Lucinka m\u00e1 r\u00e1da kolo. Proto jsme spolu jeli na cyklistick\u00fd v\u00fdlet do Rakouska k Bodamsk\u00e9mu jezeru v \u010dervenci 2011. Fotky z t\u00e9to na\u0161\u00ed dovolen\u00e9 naleznete ve fotogalerii. V\u00edce se o na\u0161ich cyklistick\u00fdch aktivit\u00e1ch dozv\u00edte <a title=\"Cyklistika\" href=\"http:\/\/www.smidpetr.eu\/WPress\/sportovni-aktivity-2\/cyklistika\/\">zde<\/a>.<\/p>\n<p style=\"text-align: justify;\"><strong>B\u011bh\u00e1n\u00ed<\/strong><br \/>\nV r\u00e1mci m\u00e9ho pobytu v USA jsem se za\u010dal v\u011bnovat b\u011bh\u00e1n\u00ed. Zat\u00edm jsem se absolvoval n\u011bkolik z\u00e1vod\u016f na 5 a 10km. Z\u00e1vody, kter\u00fdch jsem se z\u00fa\u010dastnil:<br \/>\n<a title=\"Praha-Bechovice\" href=\"http:\/\/www.bechovice-praha.cz\/\" target=\"_blank\" rel=\"noopener noreferrer\">B\u011bchovice-Praha 2014<\/a>&nbsp;&#8211; 10 km; v\u00fdsledn\u00fd \u010das 47,22 minut; (V\u00fdsledky jsou k dispozici <a title=\"Praha-Bechovice\" href=\"http:\/\/www.smidpetr.eu\/results\/118_results_bechovice.pdf\" target=\"_blank\" rel=\"noopener noreferrer\">ke sta\u017een\u00ed zde<\/a>). K dispozici je i <a title=\"Bechovice-fotogalerie\" href=\"http:\/\/www.ceskybeh.cz\/fotky\/24\" target=\"_blank\" rel=\"noopener noreferrer\">fotogalerie ze z\u00e1vodu<\/a> (moje \u010d\u00edslo je 2150:-)).<br \/>\n<a title=\"Hunger Walk\" href=\"http:\/\/engage.acfb.org\/site\/TR?fr_id=1666&amp;pg=entry\" target=\"_blank\" rel=\"noopener noreferrer\">Hunger Walk\/Run 2012<\/a> &#8211;&nbsp;5 km; v\u00fdsledn\u00fd \u010das 22,13minut<br \/>\n<a title=\"Run The River\" href=\"http:\/\/www.runtheriver.org\/\" target=\"_blank\" rel=\"noopener noreferrer\">Run The River<\/a>&nbsp;&#8211; 10 km (V\u00fdsledky jsou k dispozici ke sta\u017een\u00ed zde &#8211; <a title=\"Run The River - celkove\" href=\"http:\/\/www.smidpetr.eu\/images\/sport\/celkove_vysledky.pdf\" target=\"_blank\" rel=\"noopener noreferrer\">celkov\u00e9<\/a>&nbsp;a&nbsp;<a title=\"Run The River - kategorie\" href=\"http:\/\/www.smidpetr.eu\/images\/sport\/dle_veku.pdf\" target=\"_blank\" rel=\"noopener noreferrer\">dle v\u011bkov\u00fdch kategori\u00ed<\/a>. V\u00fdsledn\u00fd \u010das 46min<br \/>\n<a title=\"Snellille\" href=\"http:\/\/www.snellvillepride.com\/content\/beach-blast-run.html\" target=\"_blank\" rel=\"noopener noreferrer\">Snellville Beach Blast<\/a> &#8211; 10 km. Kv\u016fli chyb\u011b po\u0159adatel\u016f to nakonec bylo asi 13 km a m\u016fj \u010das byl cca 66min.<\/p>\n<p style=\"text-align: justify;\"><strong>Hasi\u010di<\/strong><br \/>\nJi\u017e dlouhou dobu jsem \u010dlenem hasi\u010dsk\u00e9ho sboru na J\u00edlovi\u0161ti. V r\u00e1mci tohoto \u010dlenstv\u00ed jsem se z\u00fa\u010dastnil mnoha hasi\u010dsk\u00fdch sout\u011b\u017e\u00ed. V\u00edce o aktivit\u00e1ch SDH J\u00edlovi\u0161t\u011b lze nal\u00e9zt na t\u011bchto str\u00e1nk\u00e1ch &#8211; <a title=\"Hasi\u010di\" href=\"http:\/\/hasici.jiloviste.cz\/\" target=\"_blank\" rel=\"noopener noreferrer\">SDH J\u00edlovi\u0161t\u011b<\/a>.<\/p>\n","protected":false},"excerpt":{"rendered":"<p>Abych se udr\u017eel v kondici, sna\u017e\u00edm se sportovat&#8230;:-) Mysl\u00edm, \u017ee mohu \u0159\u00edct, \u017ee jsem v\u0161estrann\u00fd sportovec a za sv\u016fj \u017eivot jsem se v\u011bnoval mnoha sport\u016fm. Zde je seznam t\u011bch hlavn\u00edch: Fotbal Fotbalu se v\u011bnuji nejd\u00e9le, ji\u017e od sv\u00fdch 7 let. &hellip; <a href=\"https:\/\/www.smidpetr.eu\/WPress\/sportovni-aktivity\/\">Cel\u00fd p\u0159\u00edsp\u011bvek <span class=\"meta-nav\">&rarr;<\/span><\/a><\/p>\n","protected":false},"author":1,"featured_media":215,"parent":0,"menu_order":0,"comment_status":"open","ping_status":"closed","template":"","meta":[],"_links":{"self":[{"href":"https:\/\/www.smidpetr.eu\/WPress\/wp-json\/wp\/v2\/pages\/36"}],"collection":[{"href":"https:\/\/www.smidpetr.eu\/WPress\/wp-json\/wp\/v2\/pages"}],"about":[{"href":"https:\/\/www.smidpetr.eu\/WPress\/wp-json\/wp\/v2\/types\/page"}],"author":[{"embeddable":true,"href":"https:\/\/www.smidpetr.eu\/WPress\/wp-json\/wp\/v2\/users\/1"}],"replies":[{"embeddable":true,"href":"https:\/\/www.smidpetr.eu\/WPress\/wp-json\/wp\/v2\/comments?post=36"}],"version-history":[{"count":16,"href":"https:\/\/www.smidpetr.eu\/WPress\/wp-json\/wp\/v2\/pages\/36\/revisions"}],"predecessor-version":[{"id":216,"href":"https:\/\/www.smidpetr.eu\/WPress\/wp-json\/wp\/v2\/pages\/36\/revisions\/216"}],"wp:featuredmedia":[{"embeddable":true,"href":"https:\/\/www.smidpetr.eu\/WPress\/wp-json\/wp\/v2\/media\/215"}],"wp:attachment":[{"href":"https:\/\/www.smidpetr.eu\/WPress\/wp-json\/wp\/v2\/media?parent=36"}],"curies":[{"name":"wp","href":"https:\/\/api.w.org\/{rel}","templated":true}]}}