{"id":27,"date":"2015-05-19T22:47:29","date_gmt":"2015-05-19T20:47:29","guid":{"rendered":"http:\/\/www.smidpetr.eu\/WPress\/?page_id=27"},"modified":"2019-12-03T00:20:55","modified_gmt":"2019-12-02T22:20:55","slug":"atlanta","status":"publish","type":"page","link":"https:\/\/www.smidpetr.eu\/WPress\/atlanta\/","title":{"rendered":"Atlanta"},"content":{"rendered":"<p style=\"text-align: justify;\">Moje mise v Atlant\u011b za\u010dala dne 4.srpna 2011. Let\u011bl jsem z V\u00eddn\u011b p\u0159es Lond\u00fdn do Atlanty. Na leti\u0161t\u011b m\u011b vezli rodi\u010de i s p\u0159\u00edtelkyn\u00ed Lucinkou. Lou\u010den\u00ed na leti\u0161ti bylo t\u011b\u017ek\u00e9, ale v\u011bd\u011bl jsem, \u017ee to rychle ute\u010de a s Lucinkou se brzy uvid\u00edm&#8230;s rodi\u010di a\u017e pozd\u011bji. V Atlant\u011b bylo obrovsk\u00e9 horko a dusno, tak\u017ee to byla r\u00e1na, kdy\u017e jsem vystoupil z letadla. Vyzvedl m\u011b kamar\u00e1d David, p\u0159es kter\u00e9ho jsem se na tuto st\u00e1\u017e dostal. D\u016fm v East Pointu Za za\u010d\u00e1tku jsem bydlel v East Pointu na 1427 Wadley Ave, East Point, GA. D\u016fm, kde jsem bydlel, m\u016f\u017eete vid\u011bt na t\u00e9to fotografii. Toto m\u00edsto bylo zaj\u00edmav\u00e9, ale na bydlen\u00ed nep\u0159\u00edli\u0161 p\u0159\u00edjemn\u00e9. Velice daleko od v\u0161eho. Proto jsem hledal mo\u017enosti, jak se p\u0159est\u011bhovat n\u011bkam bl\u00ed\u017ee do centra Atlanty. V East Pointu jsem str\u00e1vil 3 m\u011bs\u00edce, o kter\u00fdch bych mohl vypr\u00e1v\u011bt;-) V polovin\u011b listopadu jsem se p\u0159est\u011bhoval na mnohem lep\u0161\u00ed m\u00edsto, adresa 1616 Piedmont Ave North East, Atlanta, GA, 30344.<\/p>\n<p style=\"text-align: justify;\">Nejt\u011b\u017e\u0161\u00ed na cel\u00e9m pobytu je odlou\u010den\u00ed od sv\u00e9 p\u0159\u00edtelkyn\u011b Lucinky. Jej\u00ed p\u0159\u00edlet jsme napl\u00e1novali na 10.prosince 2011. P\u016fvodn\u011b m\u011bla z\u016fstat zde v Atlant\u011b jen do 4.ledna 2012, ale d\u00edky okolnostem se n\u00e1m poda\u0159ilo prodlou\u017eit jej\u00ed pobyt zde a\u017e do \u00fanora, p\u0159esn\u011b do 18.\u00fanora 2012. Tak\u017ee 10.prosince jsem jel na leti\u0161t\u011b vyzvednout Lucinku&#8230;nejlep\u0161\u00ed den m\u00e9ho pobytu;-) Od t\u00e9 doby to za\u010dalo b\u00fdt mnohem veselej\u0161\u00ed a my si spolu u\u017e\u00edvali pobyt tady. Lucinka v restauraci Na\u0161e prvn\u00ed spole\u010dn\u00e1 cesta v USA vedla do Miami;-) Bylo velmi zaj\u00edmav\u00e9 a p\u0159\u00edjemn\u00e9 tr\u00e1vit b\u011b\u017en\u011b studen\u00fd prosinec v teple, chodit po pl\u00e1\u017ei v kra\u0165asech a tri\u010dk\u00e1ch&#8230;prost\u011b n\u00e1dhera. ZOO Miami Miami bylo n\u00e1dhern\u00e9, u\u017eili jsme si to vid\u011bli spoustu zaj\u00edmav\u00fdch m\u00edst, nap\u0159. ZOO, hokejov\u00e9 utk\u00e1n\u00ed NHL a jin\u00e9 zaj\u00edmavosti. Po n\u00e1vratu z Miami jsme str\u00e1vili prvn\u00ed spole\u010dn\u00e9 v\u00e1noce, ikdy\u017e daleko od sv\u00fdch rodin&#8230;Byla to zaj\u00edmav\u00e1 zku\u0161enost, ale pon\u011bkud zvl\u00e1\u0161tn\u00ed p\u0159i vy\u0161\u0161\u00edch teplot\u00e1ch a bez sn\u011bhu!;-) Str\u00e1vili jsme i pro n\u00e1s novou oslavu nov\u00e9ho roku, kdy jsme byli s n\u011bkolika kolegy z pr\u00e1ce v klubu Loca Luna.<\/p>\n<p style=\"text-align: justify;\">Po nov\u00e9m roce jsme hodn\u011b cestovali po Atlant\u011b, ale tak\u00e9 zaj\u00edmav\u00e9 m\u011bste\u010dko Helen na severu Georgie. Z tohoto v\u00fdletu n\u00e1s nejv\u00edce upoutaly vodop\u00e1dy Anna Ruby Water Falls. Coca-Cola Po t\u00e9 jsme se soust\u0159edili na pozn\u00e1v\u00e1n\u00ed Atlanty. Atlanta je zaj\u00edmav\u00e9 a hezk\u00e9 m\u011bsto, kter\u00e9 nab\u00edz\u00ed mnoho zaj\u00edmav\u00fdch m\u00edst. Je zde memori\u00e1l k olympijsk\u00fdm hr\u00e1m, kter\u00e9 se zde v roce 1996 konaly. Je zde s\u00eddlo CNN, muzeum Coca-Cola a tak\u00e9 velmi hezk\u00e9 akvarium, kter\u00e9 nab\u00edz\u00ed i delf\u00edn\u00ed show;-) N\u00e1dhern\u00e1 byla t\u00e1k\u00e9 n\u00e1v\u0161t\u011bva Monster Jam v Atlant\u011b. Tato show se konala v Georgia Dome. Ve\u0161ker\u00e9 fotky jsou k vid\u011bn\u00ed ve fotogalerii, kterou naleznete zde.<\/p>\n","protected":false},"excerpt":{"rendered":"<p>Moje mise v Atlant\u011b za\u010dala dne 4.srpna 2011. Let\u011bl jsem z V\u00eddn\u011b p\u0159es Lond\u00fdn do Atlanty. Na leti\u0161t\u011b m\u011b vezli rodi\u010de i s p\u0159\u00edtelkyn\u00ed Lucinkou. Lou\u010den\u00ed na leti\u0161ti bylo t\u011b\u017ek\u00e9, ale v\u011bd\u011bl jsem, \u017ee to rychle ute\u010de a s Lucinkou &hellip; <a href=\"https:\/\/www.smidpetr.eu\/WPress\/atlanta\/\">Cel\u00fd p\u0159\u00edsp\u011bvek <span class=\"meta-nav\">&rarr;<\/span><\/a><\/p>\n","protected":false},"author":1,"featured_media":217,"parent":0,"menu_order":0,"comment_status":"open","ping_status":"open","template":"page-templates\/full-width.php","meta":[],"_links":{"self":[{"href":"https:\/\/www.smidpetr.eu\/WPress\/wp-json\/wp\/v2\/pages\/27"}],"collection":[{"href":"https:\/\/www.smidpetr.eu\/WPress\/wp-json\/wp\/v2\/pages"}],"about":[{"href":"https:\/\/www.smidpetr.eu\/WPress\/wp-json\/wp\/v2\/types\/page"}],"author":[{"embeddable":true,"href":"https:\/\/www.smidpetr.eu\/WPress\/wp-json\/wp\/v2\/users\/1"}],"replies":[{"embeddable":true,"href":"https:\/\/www.smidpetr.eu\/WPress\/wp-json\/wp\/v2\/comments?post=27"}],"version-history":[{"count":3,"href":"https:\/\/www.smidpetr.eu\/WPress\/wp-json\/wp\/v2\/pages\/27\/revisions"}],"predecessor-version":[{"id":120,"href":"https:\/\/www.smidpetr.eu\/WPress\/wp-json\/wp\/v2\/pages\/27\/revisions\/120"}],"wp:featuredmedia":[{"embeddable":true,"href":"https:\/\/www.smidpetr.eu\/WPress\/wp-json\/wp\/v2\/media\/217"}],"wp:attachment":[{"href":"https:\/\/www.smidpetr.eu\/WPress\/wp-json\/wp\/v2\/media?parent=27"}],"curies":[{"name":"wp","href":"https:\/\/api.w.org\/{rel}","templated":true}]}}